Last updated on 2024-03-28 17:49:23 CET.
Flavor | Version | Tinstall | Tcheck | Ttotal | Status | Flags |
---|---|---|---|---|---|---|
r-devel-linux-x86_64-debian-clang | 1.5.0 | 242.71 | 149.10 | 391.81 | NOTE | |
r-devel-linux-x86_64-debian-gcc | 1.5.0 | 167.58 | 109.07 | 276.65 | NOTE | |
r-devel-linux-x86_64-fedora-clang | 1.5.0 | 610.09 | NOTE | |||
r-devel-linux-x86_64-fedora-gcc | 1.5.0 | 528.19 | NOTE | |||
r-devel-windows-x86_64 | 1.5.0 | 189.00 | 153.00 | 342.00 | NOTE | |
r-patched-linux-x86_64 | 1.5.0 | 214.28 | 140.14 | 354.42 | NOTE | |
r-release-linux-x86_64 | 1.5.0 | 225.34 | 144.72 | 370.06 | NOTE | |
r-release-macos-arm64 | 1.5.0 | 129.00 | NOTE | |||
r-release-macos-x86_64 | 1.5.0 | 193.00 | NOTE | |||
r-release-windows-x86_64 | 1.5.0 | 226.00 | 187.00 | 413.00 | NOTE | |
r-oldrel-macos-arm64 | 1.5.0 | 111.00 | NOTE | |||
r-oldrel-windows-x86_64 | 1.5.0 | 223.00 | 163.00 | 386.00 | NOTE |
Version: 1.5.0
Check: C++ specification
Result: NOTE
Specified C++11: please drop specification unless essential
Flavors: r-devel-linux-x86_64-debian-clang, r-devel-linux-x86_64-debian-gcc, r-devel-linux-x86_64-fedora-clang, r-devel-linux-x86_64-fedora-gcc, r-devel-windows-x86_64, r-patched-linux-x86_64, r-release-linux-x86_64, r-release-macos-arm64, r-release-macos-x86_64, r-release-windows-x86_64
Version: 1.5.0
Check: for GNU extensions in Makefiles
Result: NOTE
GNU make is a SystemRequirements.
Flavors: r-devel-linux-x86_64-debian-clang, r-devel-linux-x86_64-debian-gcc, r-devel-linux-x86_64-fedora-clang, r-devel-linux-x86_64-fedora-gcc, r-devel-windows-x86_64, r-patched-linux-x86_64, r-release-linux-x86_64, r-release-macos-arm64, r-release-macos-x86_64, r-release-windows-x86_64, r-oldrel-macos-arm64, r-oldrel-windows-x86_64
Version: 1.5.0
Check: installed package size
Result: NOTE
installed size is 7.7Mb
sub-directories of 1Mb or more:
libs 6.8Mb
Flavors: r-release-macos-arm64, r-release-macos-x86_64, r-oldrel-macos-arm64