Last updated on 2025-07-27 18:51:16 CEST.
Flavor | Version | Tinstall | Tcheck | Ttotal | Status | Flags |
---|---|---|---|---|---|---|
r-devel-linux-x86_64-debian-clang | 1.2.4 | 1.70 | 143.14 | 144.84 | NOTE | |
r-devel-linux-x86_64-debian-gcc | 1.2.4 | 1.32 | 123.23 | 124.55 | NOTE | |
r-devel-linux-x86_64-fedora-clang | 1.2.4 | 240.72 | OK | |||
r-devel-linux-x86_64-fedora-gcc | 1.2.4 | 252.30 | OK | |||
r-devel-windows-x86_64 | 1.2.4 | 5.00 | 456.00 | 461.00 | OK | |
r-patched-linux-x86_64 | 1.2.4 | 1.69 | 139.55 | 141.24 | OK | |
r-release-linux-x86_64 | 1.2.4 | 1.54 | 139.99 | 141.53 | OK | |
r-release-macos-arm64 | 1.2.4 | 150.00 | OK | |||
r-release-macos-x86_64 | 1.2.4 | 249.00 | OK | |||
r-release-windows-x86_64 | 1.2.4 | 3.00 | 460.00 | 463.00 | OK | |
r-oldrel-macos-arm64 | 1.2.4 | 135.00 | OK | |||
r-oldrel-macos-x86_64 | 1.2.4 | 364.00 | OK | |||
r-oldrel-windows-x86_64 | 1.2.4 | 3.00 | 386.00 | 389.00 | OK |
Version: 1.2.4
Check: CRAN incoming feasibility
Result: NOTE
Maintainer: ‘Gunther Schauberger <gunther.schauberger@tum.de>’
No Authors@R field in DESCRIPTION.
Please add one, modifying
Authors@R: c(person(given = "Gunther",
family = "Schauberger",
role = c("aut", "cre"),
email = "gunther.schauberger@tum.de"),
person(given = "Gerhard",
family = "Tutz",
role = "aut"))
as necessary.
Flavors: r-devel-linux-x86_64-debian-clang, r-devel-linux-x86_64-debian-gcc