Last updated on 2024-03-28 06:01:20 CET.
Flavor | Version | Tinstall | Tcheck | Ttotal | Status | Flags |
---|---|---|---|---|---|---|
r-devel-linux-x86_64-debian-clang | 0.3-1 | 266.03 | 65.47 | 331.50 | OK | |
r-devel-linux-x86_64-debian-gcc | 0.3-1 | 205.88 | 47.40 | 253.28 | OK | |
r-devel-linux-x86_64-fedora-clang | 0.3-1 | 437.98 | OK | |||
r-devel-linux-x86_64-fedora-gcc | 0.3-1 | 480.41 | OK | |||
r-devel-windows-x86_64 | 0.3-1 | 182.00 | 102.00 | 284.00 | OK | |
r-patched-linux-x86_64 | 0.3-1 | 232.81 | 62.89 | 295.70 | OK | |
r-release-linux-x86_64 | 0.3-1 | 243.24 | 61.31 | 304.55 | OK | |
r-release-macos-arm64 | 0.3-1 | 97.00 | NOTE | |||
r-release-macos-x86_64 | 0.3-1 | 127.00 | NOTE | |||
r-release-windows-x86_64 | 0.3-1 | 227.00 | 109.00 | 336.00 | OK | |
r-oldrel-macos-arm64 | 0.3-1 | 98.00 | NOTE | |||
r-oldrel-windows-x86_64 | 0.3-1 | 217.00 | 109.00 | 326.00 | OK |
Version: 0.3-1
Check: installed package size
Result: NOTE
installed size is 17.5Mb
sub-directories of 1Mb or more:
libs 17.2Mb
Flavors: r-release-macos-arm64, r-release-macos-x86_64, r-oldrel-macos-arm64