CRAN Package Check Results for Package ccmReportR

Last updated on 2025-11-23 05:50:12 CET.

Flavor Version Tinstall Tcheck Ttotal Status Flags
r-devel-linux-x86_64-debian-clang 0.1.0 2.71 27.12 29.83 OK
r-devel-linux-x86_64-debian-gcc 0.1.0 1.99 22.38 24.37 OK
r-devel-linux-x86_64-fedora-clang 0.1.0 43.70 OK
r-devel-windows-x86_64 0.1.0 8.00 44.00 52.00 OK
r-patched-linux-x86_64 0.1.0 2.26 24.32 26.58 OK
r-release-linux-x86_64 0.1.0 2.27 24.58 26.85 OK
r-release-macos-arm64 0.1.0 OK
r-release-macos-x86_64 0.1.0 2.00 25.00 27.00 OK
r-release-windows-x86_64 0.1.0 5.00 50.00 55.00 OK
r-oldrel-macos-arm64 0.1.0 NOTE
r-oldrel-macos-x86_64 0.1.0 2.00 23.00 25.00 NOTE
r-oldrel-windows-x86_64 0.1.0 6.00 50.00 56.00 NOTE

Check Details

Version: 0.1.0
Check: LazyData
Result: NOTE 'LazyData' is specified without a 'data' directory Flavors: r-oldrel-macos-arm64, r-oldrel-macos-x86_64, r-oldrel-windows-x86_64