Last updated on 2025-05-18 06:49:10 CEST.
Flavor | Version | Tinstall | Tcheck | Ttotal | Status | Flags |
---|---|---|---|---|---|---|
r-devel-linux-x86_64-debian-clang | 1.4.6 | 7.75 | 43.60 | 51.35 | NOTE | |
r-devel-linux-x86_64-debian-gcc | 1.4.6 | 5.11 | 30.10 | 35.21 | NOTE | |
r-devel-linux-x86_64-fedora-clang | 1.4.6 | 82.17 | OK | |||
r-devel-linux-x86_64-fedora-gcc | 1.4.6 | 78.26 | OK | |||
r-devel-windows-x86_64 | 1.4.6 | 9.00 | 64.00 | 73.00 | OK | |
r-patched-linux-x86_64 | 1.4.6 | 8.23 | 42.06 | 50.29 | OK | |
r-release-linux-x86_64 | 1.4.6 | 6.78 | 42.06 | 48.84 | OK | |
r-release-macos-arm64 | 1.4.6 | 29.00 | OK | |||
r-release-macos-x86_64 | 1.4.6 | 51.00 | OK | |||
r-release-windows-x86_64 | 1.4.6 | 9.00 | 74.00 | 83.00 | OK | |
r-oldrel-macos-arm64 | 1.4.6 | 23.00 | OK | |||
r-oldrel-macos-x86_64 | 1.4.6 | 35.00 | OK | |||
r-oldrel-windows-x86_64 | 1.4.6 | 10.00 | 69.00 | 79.00 | OK |
Version: 1.4.6
Check: CRAN incoming feasibility
Result: NOTE
Maintainer: ‘Aaron Robotham <aaron.robotham@uwa.edu.au>’
No Authors@R field in DESCRIPTION.
Please add one, modifying
Authors@R: person(given = "Aaron",
family = "Robotham",
role = c("aut", "cre"),
email = "aaron.robotham@uwa.edu.au")
as necessary.
Flavors: r-devel-linux-x86_64-debian-clang, r-devel-linux-x86_64-debian-gcc