CRAN Package Check Results for Package cfid

Last updated on 2025-07-27 18:51:16 CEST.

Flavor Version Tinstall Tcheck Ttotal Status Flags
r-devel-linux-x86_64-debian-clang 0.1.7 3.53 34.80 38.33 NOTE
r-devel-linux-x86_64-debian-gcc 0.1.7 2.68 25.19 27.87 NOTE
r-devel-linux-x86_64-fedora-clang 0.1.7 59.78 OK
r-devel-linux-x86_64-fedora-gcc 0.1.7 57.08 OK
r-devel-windows-x86_64 0.1.7 7.00 60.00 67.00 OK
r-patched-linux-x86_64 0.1.7 4.33 33.02 37.35 OK
r-release-linux-x86_64 0.1.7 3.66 32.75 36.41 OK
r-release-macos-arm64 0.1.7 21.00 OK
r-release-macos-x86_64 0.1.7 36.00 OK
r-release-windows-x86_64 0.1.7 5.00 51.00 56.00 OK
r-oldrel-macos-arm64 0.1.7 27.00 OK
r-oldrel-macos-x86_64 0.1.7 31.00 OK
r-oldrel-windows-x86_64 0.1.7 4.00 67.00 71.00 OK

Check Details

Version: 0.1.7
Check: CRAN incoming feasibility
Result: NOTE Maintainer: ‘Santtu Tikka <santtuth@gmail.com>’ The Description field contains Pearl, J. (2007, 2008) <arXiv:1206.5294>, Please refer to arXiv e-prints via their arXiv DOI <doi:10.48550/arXiv.YYMM.NNNNN>. Flavors: r-devel-linux-x86_64-debian-clang, r-devel-linux-x86_64-debian-gcc