Last updated on 2024-07-03 18:57:33 CEST.
Flavor | Version | Tinstall | Tcheck | Ttotal | Status | Flags |
---|---|---|---|---|---|---|
r-devel-linux-x86_64-debian-clang | 1.0.0 | 3.92 | 141.24 | 145.16 | OK | |
r-devel-linux-x86_64-debian-gcc | 1.0.0 | 2.36 | 100.61 | 102.97 | OK | |
r-devel-linux-x86_64-fedora-clang | 1.0.0 | 173.29 | NOTE | |||
r-devel-linux-x86_64-fedora-gcc | 1.0.0 | 178.36 | NOTE | |||
r-devel-windows-x86_64 | 1.0.0 | 4.00 | 119.00 | 123.00 | OK | |
r-patched-linux-x86_64 | 1.0.0 | 2.29 | 132.02 | 134.31 | OK | |
r-release-linux-x86_64 | 1.0.0 | 2.25 | 135.43 | 137.68 | OK | |
r-release-macos-arm64 | 1.0.0 | 53.00 | OK | |||
r-release-macos-x86_64 | 1.0.0 | 85.00 | OK | |||
r-release-windows-x86_64 | 1.0.0 | 5.00 | 118.00 | 123.00 | OK | |
r-oldrel-macos-arm64 | 1.0.0 | 57.00 | OK | |||
r-oldrel-macos-x86_64 | 1.0.0 | 99.00 | OK | |||
r-oldrel-windows-x86_64 | 1.0.0 | 6.00 | 150.00 | 156.00 | OK |
Version: 1.0.0
Check: dependencies in R code
Result: NOTE
Namespaces in Imports field not imported from:
‘AER’ ‘graphics’ ‘lmtest’
All declared Imports should be used.
Flavors: r-devel-linux-x86_64-fedora-clang, r-devel-linux-x86_64-fedora-gcc