Last updated on 2024-03-28 17:49:23 CET.
Flavor | Version | Tinstall | Tcheck | Ttotal | Status | Flags |
---|---|---|---|---|---|---|
r-devel-linux-x86_64-debian-clang | 2.3.1 | 11.19 | 111.67 | 122.86 | OK | |
r-devel-linux-x86_64-debian-gcc | 2.3.1 | 10.34 | 81.56 | 91.90 | OK | |
r-devel-linux-x86_64-fedora-clang | 2.3.1 | 146.69 | OK | |||
r-devel-linux-x86_64-fedora-gcc | 2.3.1 | 162.75 | OK | |||
r-devel-windows-x86_64 | 2.3.1 | 15.00 | 117.00 | 132.00 | WARN | |
r-patched-linux-x86_64 | 2.3.1 | 17.74 | 105.35 | 123.09 | OK | |
r-release-linux-x86_64 | 2.3.1 | 11.79 | 106.48 | 118.27 | OK | |
r-release-macos-arm64 | 2.3.1 | 57.00 | OK | |||
r-release-macos-x86_64 | 2.3.1 | 137.00 | OK | |||
r-release-windows-x86_64 | 2.3.1 | 17.00 | 137.00 | 154.00 | OK | |
r-oldrel-macos-arm64 | 2.3.1 | 53.00 | OK | |||
r-oldrel-windows-x86_64 | 2.3.1 | 19.00 | 132.00 | 151.00 | OK |
Version: 2.3.1
Check: whether package can be installed
Result: WARN
Found the following significant warnings:
checks.c:489:80: warning: unknown conversion type character 'j' in format [-Wformat=]
checks.c:489:36: warning: too many arguments for format [-Wformat-extra-args]
checks.c:493:80: warning: unknown conversion type character 'j' in format [-Wformat=]
checks.c:493:36: warning: too many arguments for format [-Wformat-extra-args]
checks.c:497:80: warning: unknown conversion type character 'j' in format [-Wformat=]
checks.c:497:36: warning: too many arguments for format [-Wformat-extra-args]
See 'd:/Rcompile/CRANpkg/local/4.4/checkmate.Rcheck/00install.out' for details.
* used C compiler: 'gcc.exe (GCC) 13.2.0'
Flavor: r-devel-windows-x86_64