Last updated on 2024-03-28 17:49:23 CET.
Flavor | Version | Tinstall | Tcheck | Ttotal | Status | Flags |
---|---|---|---|---|---|---|
r-devel-linux-x86_64-debian-clang | 1.0.2 | 2.37 | 29.31 | 31.68 | NOTE | |
r-devel-linux-x86_64-debian-gcc | 1.0.2 | 1.89 | 23.63 | 25.52 | NOTE | |
r-devel-linux-x86_64-fedora-clang | 1.0.2 | 46.51 | NOTE | |||
r-devel-linux-x86_64-fedora-gcc | 1.0.2 | 54.71 | NOTE | |||
r-devel-windows-x86_64 | 1.0.2 | 3.00 | 46.00 | 49.00 | NOTE | |
r-patched-linux-x86_64 | 1.0.2 | 6.91 | 29.50 | 36.41 | NOTE | |
r-release-linux-x86_64 | 1.0.2 | 2.01 | 26.65 | 28.66 | NOTE | |
r-release-macos-arm64 | 1.0.2 | 25.00 | NOTE | |||
r-release-macos-x86_64 | 1.0.2 | 35.00 | NOTE | |||
r-release-windows-x86_64 | 1.0.2 | 4.00 | 46.00 | 50.00 | NOTE | |
r-oldrel-macos-arm64 | 1.0.2 | 18.00 | NOTE | |||
r-oldrel-windows-x86_64 | 1.0.2 | 4.00 | 54.00 | 58.00 | NOTE |
Version: 1.0.2
Check: package dependencies
Result: NOTE
Package suggested but not available for checking: ‘darts’
Flavors: r-devel-linux-x86_64-debian-clang, r-devel-linux-x86_64-debian-gcc, r-devel-linux-x86_64-fedora-clang, r-devel-linux-x86_64-fedora-gcc, r-devel-windows-x86_64, r-patched-linux-x86_64, r-release-linux-x86_64, r-release-macos-arm64, r-release-macos-x86_64, r-release-windows-x86_64, r-oldrel-windows-x86_64
Version: 1.0.2
Check: dependencies in R code
Result: NOTE
Namespace in Imports field not imported from: ‘jsonlite’
All declared Imports should be used.
Flavors: r-devel-linux-x86_64-fedora-clang, r-devel-linux-x86_64-fedora-gcc, r-oldrel-macos-arm64