Last updated on 2025-05-18 18:49:57 CEST.
Flavor | Version | Tinstall | Tcheck | Ttotal | Status | Flags |
---|---|---|---|---|---|---|
r-devel-linux-x86_64-debian-clang | 1.1.0 | 3.83 | 34.27 | 38.10 | NOTE | |
r-devel-linux-x86_64-debian-gcc | 1.1.0 | 3.03 | 24.61 | 27.64 | NOTE | |
r-devel-linux-x86_64-fedora-clang | 1.1.0 | 55.52 | OK | |||
r-devel-linux-x86_64-fedora-gcc | 1.1.0 | 55.72 | OK | |||
r-devel-windows-x86_64 | 1.1.0 | 6.00 | 53.00 | 59.00 | OK | |
r-patched-linux-x86_64 | 1.1.0 | 5.14 | 31.40 | 36.54 | OK | |
r-release-linux-x86_64 | 1.1.0 | 4.08 | 30.79 | 34.87 | OK | |
r-release-macos-arm64 | 1.1.0 | 20.00 | OK | |||
r-release-macos-x86_64 | 1.1.0 | 37.00 | OK | |||
r-release-windows-x86_64 | 1.1.0 | 5.00 | 63.00 | 68.00 | OK | |
r-oldrel-macos-arm64 | 1.1.0 | 23.00 | OK | |||
r-oldrel-macos-x86_64 | 1.1.0 | 29.00 | OK | |||
r-oldrel-windows-x86_64 | 1.1.0 | 5.00 | 61.00 | 66.00 | OK |
Version: 1.1.0
Check: CRAN incoming feasibility
Result: NOTE
Maintainer: ‘Stef van Buuren <stef.vanbuuren@tno.nl>’
Package CITATION file contains call(s) to old-style citEntry(). Please
use bibentry() instead.
Flavors: r-devel-linux-x86_64-debian-clang, r-devel-linux-x86_64-debian-gcc