Last updated on 2025-07-28 06:50:25 CEST.
Flavor | Version | Tinstall | Tcheck | Ttotal | Status | Flags |
---|---|---|---|---|---|---|
r-devel-linux-x86_64-debian-clang | 0.2.3 | 1.95 | 34.32 | 36.27 | OK | |
r-devel-linux-x86_64-debian-gcc | 0.2.3 | 1.65 | 27.19 | 28.84 | OK | |
r-devel-linux-x86_64-fedora-clang | 0.2.3 | 56.05 | NOTE | |||
r-devel-linux-x86_64-fedora-gcc | 0.2.3 | 67.04 | NOTE | |||
r-devel-windows-x86_64 | 0.2.3 | 5.00 | 84.00 | 89.00 | OK | |
r-patched-linux-x86_64 | 0.2.3 | 1.99 | 32.18 | 34.17 | OK | |
r-release-linux-x86_64 | 0.2.3 | 1.59 | 32.25 | 33.84 | OK | |
r-release-macos-arm64 | 0.2.3 | 56.00 | OK | |||
r-release-macos-x86_64 | 0.2.3 | 102.00 | OK | |||
r-release-windows-x86_64 | 0.2.3 | 4.00 | 83.00 | 87.00 | OK | |
r-oldrel-macos-arm64 | 0.2.3 | 58.00 | OK | |||
r-oldrel-macos-x86_64 | 0.2.3 | 72.00 | OK | |||
r-oldrel-windows-x86_64 | 0.2.3 | 5.00 | 94.00 | 99.00 | OK |
Version: 0.2.3
Check: dependencies in R code
Result: NOTE
Namespace in Imports field not imported from: ‘dbplyr’
All declared Imports should be used.
Flavors: r-devel-linux-x86_64-fedora-clang, r-devel-linux-x86_64-fedora-gcc