Last updated on 2025-10-31 17:50:12 CET.
| Flavor | Version | Tinstall | Tcheck | Ttotal | Status | Flags | 
|---|---|---|---|---|---|---|
| r-devel-linux-x86_64-debian-clang | 0.1.1 | 5.14 | 38.51 | 43.65 | NOTE | |
| r-devel-linux-x86_64-debian-gcc | 0.1.1 | 3.78 | 27.43 | 31.21 | NOTE | |
| r-devel-linux-x86_64-fedora-clang | 0.1.1 | 65.28 | NOTE | |||
| r-devel-linux-x86_64-fedora-gcc | 0.1.1 | 61.12 | NOTE | |||
| r-devel-windows-x86_64 | 0.1.1 | 5.00 | 54.00 | 59.00 | NOTE | |
| r-patched-linux-x86_64 | 0.1.1 | 5.02 | 36.45 | 41.47 | NOTE | |
| r-release-linux-x86_64 | 0.1.1 | 4.68 | 36.43 | 41.11 | NOTE | |
| r-release-macos-arm64 | 0.1.1 | 3.00 | 22.00 | 25.00 | NOTE | |
| r-release-macos-x86_64 | 0.1.1 | 4.00 | 33.00 | 37.00 | NOTE | |
| r-release-windows-x86_64 | 0.1.1 | 6.00 | 55.00 | 61.00 | NOTE | |
| r-oldrel-macos-arm64 | 0.1.1 | 2.00 | 20.00 | 22.00 | NOTE | |
| r-oldrel-macos-x86_64 | 0.1.1 | 3.00 | 30.00 | 33.00 | NOTE | |
| r-oldrel-windows-x86_64 | 0.1.1 | 7.00 | 67.00 | 74.00 | NOTE | 
Version: 0.1.1
Check: Rd files
Result: NOTE
  checkRd: (-1) ec.datalag.Rd:5: Lost braces; missing escapes or markup?
       5 | \title{prepares Dy y_1 Dy_1 ... Dy_{nlag-1} for estimation}
         |                                    ^
  checkRd: (-1) ec.datalag.Rd:15: Lost braces
      15 | ymat contains the folloiwing columns {Dy y_1 Dy_1 ... Dy_{nlag-1}}
         |                                      ^
  checkRd: (-1) ec.datalag.Rd:15: Lost braces; missing escapes or markup?
      15 | ymat contains the folloiwing columns {Dy y_1 Dy_1 ... Dy_{nlag-1}}
         |                                                          ^
  checkRd: (-1) lagn.Rd:21: Lost braces; missing escapes or markup?
      21 |              REM: alternative to "lead-lag" {dplyr} which applies to vector y
         |                                             ^
Flavors: r-devel-linux-x86_64-debian-clang, r-devel-linux-x86_64-debian-gcc, r-devel-linux-x86_64-fedora-clang, r-devel-linux-x86_64-fedora-gcc, r-devel-windows-x86_64, r-patched-linux-x86_64, r-release-linux-x86_64, r-release-macos-arm64, r-release-macos-x86_64, r-release-windows-x86_64, r-oldrel-macos-arm64, r-oldrel-macos-x86_64, r-oldrel-windows-x86_64