Last updated on 2024-03-28 06:01:20 CET.
Flavor | Version | Tinstall | Tcheck | Ttotal | Status | Flags |
---|---|---|---|---|---|---|
r-devel-linux-x86_64-debian-clang | 2.1.1 | 16.07 | 161.67 | 177.74 | OK | |
r-devel-linux-x86_64-debian-gcc | 2.1.1 | 15.28 | 117.48 | 132.76 | OK | |
r-devel-linux-x86_64-fedora-clang | 2.1.1 | 239.79 | NOTE | |||
r-devel-linux-x86_64-fedora-gcc | 2.1.1 | 227.12 | NOTE | |||
r-devel-windows-x86_64 | 2.1.1 | 16.00 | 133.00 | 149.00 | OK | |
r-patched-linux-x86_64 | 2.1.1 | 19.18 | 155.81 | 174.99 | OK | |
r-release-linux-x86_64 | 2.1.1 | 18.38 | 155.53 | 173.91 | OK | |
r-release-macos-arm64 | 2.1.1 | 70.00 | OK | |||
r-release-macos-x86_64 | 2.1.1 | 151.00 | OK | |||
r-release-windows-x86_64 | 2.1.1 | 20.00 | 165.00 | 185.00 | OK | |
r-oldrel-macos-arm64 | 2.1.1 | 73.00 | OK | |||
r-oldrel-windows-x86_64 | 2.1.1 | 23.00 | 171.00 | 194.00 | OK |
Version: 2.1.1
Check: data for non-ASCII characters
Result: NOTE
Note: found 29 marked UTF-8 strings
Flavors: r-devel-linux-x86_64-fedora-clang, r-devel-linux-x86_64-fedora-gcc