Last updated on 2024-05-02 07:10:45 CEST.
Flavor | Version | Tinstall | Tcheck | Ttotal | Status | Flags |
---|---|---|---|---|---|---|
r-devel-linux-x86_64-debian-clang | 0.1.2 | 6.41 | 191.14 | 197.55 | OK | |
r-devel-linux-x86_64-debian-gcc | 0.1.2 | 5.16 | 133.94 | 139.10 | OK | |
r-devel-linux-x86_64-fedora-clang | 0.1.2 | 226.56 | OK | |||
r-devel-linux-x86_64-fedora-gcc | 0.1.2 | 201.14 | OK | |||
r-devel-windows-x86_64 | 0.1.2 | 9.00 | 135.00 | 144.00 | OK | |
r-patched-linux-x86_64 | 0.1.1 | 7.22 | 175.90 | 183.12 | NOTE | |
r-release-linux-x86_64 | 0.1.2 | 6.73 | 178.67 | 185.40 | OK | |
r-release-macos-arm64 | 0.1.2 | 59.00 | OK | |||
r-release-macos-x86_64 | 0.1.2 | 187.00 | OK | |||
r-release-windows-x86_64 | 0.1.2 | 8.00 | 120.00 | 128.00 | OK | |
r-oldrel-macos-arm64 | 0.1.2 | 64.00 | OK | |||
r-oldrel-macos-x86_64 | 0.1.2 | 133.00 | OK | |||
r-oldrel-windows-x86_64 | 0.1.2 | 8.00 | 144.00 | 152.00 | OK |
Version: 0.1.1
Check: LazyData
Result: NOTE
'LazyData' is specified without a 'data' directory
Flavor: r-patched-linux-x86_64