Last updated on 2024-07-03 18:57:33 CEST.
Flavor | Version | Tinstall | Tcheck | Ttotal | Status | Flags |
---|---|---|---|---|---|---|
r-devel-linux-x86_64-debian-clang | 0.9.39 | 5.00 | 40.73 | 45.73 | OK | |
r-devel-linux-x86_64-debian-gcc | 0.9.39 | 4.32 | 30.37 | 34.69 | OK | |
r-devel-linux-x86_64-fedora-clang | 0.9.39 | 57.18 | NOTE | |||
r-devel-linux-x86_64-fedora-gcc | 0.9.39 | 52.82 | NOTE | |||
r-devel-windows-x86_64 | 0.9.39 | 6.00 | 56.00 | 62.00 | OK | |
r-patched-linux-x86_64 | 0.9.39 | 5.50 | 39.15 | 44.65 | OK | |
r-release-linux-x86_64 | 0.9.39 | 4.25 | 39.05 | 43.30 | OK | |
r-release-macos-arm64 | 0.9.39 | 20.00 | OK | |||
r-release-macos-x86_64 | 0.9.39 | 29.00 | OK | |||
r-release-windows-x86_64 | 0.9.39 | 5.00 | 57.00 | 62.00 | OK | |
r-oldrel-macos-arm64 | 0.9.39 | 22.00 | OK | |||
r-oldrel-macos-x86_64 | 0.9.39 | 36.00 | OK | |||
r-oldrel-windows-x86_64 | 0.9.39 | 7.00 | 62.00 | 69.00 | OK |
Version: 0.9.39
Check: data for non-ASCII characters
Result: NOTE
Note: found 1 marked UTF-8 string
Flavors: r-devel-linux-x86_64-fedora-clang, r-devel-linux-x86_64-fedora-gcc