Last updated on 2025-07-20 18:51:27 CEST.
Flavor | Version | Tinstall | Tcheck | Ttotal | Status | Flags |
---|---|---|---|---|---|---|
r-devel-linux-x86_64-debian-clang | 3.2-5 | 10.68 | 94.89 | 105.57 | NOTE | |
r-devel-linux-x86_64-debian-gcc | 3.2-5 | 8.52 | 68.52 | 77.04 | NOTE | |
r-devel-linux-x86_64-fedora-clang | 3.2-5 | 158.74 | NOTE | |||
r-devel-linux-x86_64-fedora-gcc | 3.2-5 | 165.62 | NOTE | |||
r-devel-windows-x86_64 | 3.2-5 | 13.00 | 104.00 | 117.00 | NOTE | |
r-patched-linux-x86_64 | 3.2-5 | 11.38 | 85.79 | 97.17 | NOTE | |
r-release-linux-x86_64 | 3.2-5 | 9.35 | 85.29 | 94.64 | NOTE | |
r-release-macos-arm64 | 3.2-5 | 69.00 | NOTE | |||
r-release-macos-x86_64 | 3.2-5 | 94.00 | NOTE | |||
r-release-windows-x86_64 | 3.2-5 | 13.00 | 102.00 | 115.00 | NOTE | |
r-oldrel-macos-arm64 | 3.2-5 | 48.00 | NOTE | |||
r-oldrel-macos-x86_64 | 3.2-5 | 73.00 | NOTE | |||
r-oldrel-windows-x86_64 | 3.2-5 | 16.00 | 125.00 | 141.00 | NOTE |
Version: 3.2-5
Check: Rd files
Result: NOTE
checkRd: (-1) cf_save_kml.Rd:68: Lost braces
68 | \code{\link{cf_find_station}} and code{vignette("choose-station")} for
| ^
Flavors: r-devel-linux-x86_64-debian-clang, r-devel-linux-x86_64-debian-gcc, r-devel-linux-x86_64-fedora-clang, r-devel-linux-x86_64-fedora-gcc, r-devel-windows-x86_64, r-patched-linux-x86_64, r-release-linux-x86_64, r-release-macos-arm64, r-release-macos-x86_64, r-release-windows-x86_64, r-oldrel-macos-arm64, r-oldrel-macos-x86_64, r-oldrel-windows-x86_64