CRAN Package Check Results for Package clime

Last updated on 2025-07-27 18:51:17 CEST.

Flavor Version Tinstall Tcheck Ttotal Status Flags
r-devel-linux-x86_64-debian-clang 0.5.0 2.22 33.29 35.51 NOTE
r-devel-linux-x86_64-debian-gcc 0.5.0 1.63 23.25 24.88 NOTE
r-devel-linux-x86_64-fedora-clang 0.5.0 56.07 OK
r-devel-linux-x86_64-fedora-gcc 0.5.0 50.66 OK
r-devel-windows-x86_64 0.5.0 4.00 55.00 59.00 OK
r-patched-linux-x86_64 0.5.0 2.27 30.77 33.04 OK
r-release-linux-x86_64 0.5.0 2.15 31.13 33.28 OK
r-release-macos-arm64 0.5.0 24.00 OK
r-release-macos-x86_64 0.5.0 34.00 OK
r-release-windows-x86_64 0.5.0 3.00 61.00 64.00 OK
r-oldrel-macos-arm64 0.5.0 24.00 OK
r-oldrel-macos-x86_64 0.5.0 29.00 OK
r-oldrel-windows-x86_64 0.5.0 4.00 57.00 61.00 OK

Check Details

Version: 0.5.0
Check: CRAN incoming feasibility
Result: NOTE Maintainer: ‘Xi (Rossi) Luo <xi.rossi.luo@gmail.com>’ No Authors@R field in DESCRIPTION. Please add one, modifying Authors@R: c(person(given = c("T.", "Tony"), family = "Cai", role = "aut"), person(given = "Weidong", family = "Liu", role = "aut"), person(given = "Xi", family = "Luo", role = "aut", comment = "Rossi"), person(given = "Xi", family = "Luo", role = "cre", email = "xi.rossi.luo@gmail.com", comment = "Rossi")) as necessary. Flavors: r-devel-linux-x86_64-debian-clang, r-devel-linux-x86_64-debian-gcc