Last updated on 2025-11-04 05:51:07 CET.
| Flavor | Version | Tinstall | Tcheck | Ttotal | Status | Flags | 
|---|---|---|---|---|---|---|
| r-devel-linux-x86_64-debian-clang | 1.5 | 16.88 | 27.13 | 44.01 | NOTE | |
| r-devel-linux-x86_64-debian-gcc | 1.5 | 12.35 | 21.80 | 34.15 | NOTE | |
| r-devel-linux-x86_64-fedora-clang | 1.5 | 41.00 | 32.15 | 73.15 | NOTE | |
| r-devel-linux-x86_64-fedora-gcc | 1.5 | 66.00 | 10.27 | 76.27 | NOTE | |
| r-devel-windows-x86_64 | 1.5 | 23.00 | 61.00 | 84.00 | NOTE | |
| r-patched-linux-x86_64 | 1.5 | 17.07 | 25.83 | 42.90 | NOTE | |
| r-release-linux-x86_64 | 1.5 | 17.26 | 25.70 | 42.96 | NOTE | |
| r-release-macos-arm64 | 1.5 | 7.00 | 19.00 | 26.00 | NOTE | |
| r-release-macos-x86_64 | 1.5 | 10.00 | 26.00 | 36.00 | NOTE | |
| r-release-windows-x86_64 | 1.5 | 22.00 | 60.00 | 82.00 | NOTE | |
| r-oldrel-macos-arm64 | 1.5 | 7.00 | 21.00 | 28.00 | NOTE | |
| r-oldrel-macos-x86_64 | 1.5 | 9.00 | 24.00 | 33.00 | NOTE | |
| r-oldrel-windows-x86_64 | 1.5 | 22.00 | 78.00 | 100.00 | NOTE | 
Version: 1.5
Check: CRAN incoming feasibility
Result: NOTE
  Maintainer: ‘Stephen Reid <sreid1652@gmail.com>’
  
  No Authors@R field in DESCRIPTION.
  Please add one, modifying
    Authors@R: c(person(given = "Stephen",
                        family = "Reid",
                        role = c("aut", "cre"),
                        email = "sreid1652@gmail.com"),
                 person(given = "Robert",
                        family = "Tibshirani",
                        role = "aut"))
  as necessary.
  
  Package CITATION file contains call(s) to old-style personList() or
  as.personList().  Please use c() on person objects instead.
  Package CITATION file contains call(s) to old-style citEntry().  Please
  use bibentry() instead.
Flavors: r-devel-linux-x86_64-debian-clang, r-devel-linux-x86_64-debian-gcc
Version: 1.5
Check: Rd files
Result: NOTE
  checkRd: (-1) print.clogitL1.Rd:21: Lost braces in \itemize; meant \describe ?
  checkRd: (-1) print.clogitL1.Rd:22: Lost braces in \itemize; meant \describe ?
  checkRd: (-1) print.clogitL1.Rd:23: Lost braces in \itemize; meant \describe ?
Flavors: r-devel-linux-x86_64-debian-clang, r-devel-linux-x86_64-debian-gcc, r-devel-linux-x86_64-fedora-clang, r-devel-linux-x86_64-fedora-gcc, r-devel-windows-x86_64, r-patched-linux-x86_64, r-release-linux-x86_64, r-release-macos-arm64, r-release-macos-x86_64, r-release-windows-x86_64, r-oldrel-macos-arm64, r-oldrel-macos-x86_64, r-oldrel-windows-x86_64
Version: 1.5
Check: compiled code
Result: NOTE
  File ‘clogitL1/libs/clogitL1.so’:
    Found no calls to: ‘R_registerRoutines’, ‘R_useDynamicSymbols’
  
  It is good practice to register native routines and to disable symbol
  search.
  
  See ‘Writing portable packages’ in the ‘Writing R Extensions’ manual.
Flavors: r-devel-linux-x86_64-fedora-clang, r-devel-linux-x86_64-fedora-gcc