Last updated on 2024-03-28 17:49:24 CET.
Flavor | Version | Tinstall | Tcheck | Ttotal | Status | Flags |
---|---|---|---|---|---|---|
r-devel-linux-x86_64-debian-clang | 0.5.10 | 7.89 | 307.27 | 315.16 | NOTE | |
r-devel-linux-x86_64-debian-gcc | 0.5.10 | 6.06 | 242.32 | 248.38 | NOTE | |
r-devel-linux-x86_64-fedora-clang | 0.5.10 | 396.78 | NOTE | |||
r-devel-linux-x86_64-fedora-gcc | 0.5.10 | 424.77 | NOTE | |||
r-devel-windows-x86_64 | 0.5.10 | 7.00 | 244.00 | 251.00 | NOTE | |
r-patched-linux-x86_64 | 0.5.10 | 8.47 | 319.58 | 328.05 | NOTE | |
r-release-linux-x86_64 | 0.5.10 | 7.58 | 314.37 | 321.95 | OK | |
r-release-macos-arm64 | 0.5.10 | 149.00 | OK | |||
r-release-macos-x86_64 | 0.5.10 | 368.00 | OK | |||
r-release-windows-x86_64 | 0.5.10 | 8.00 | 315.00 | 323.00 | OK | |
r-oldrel-macos-arm64 | 0.5.10 | 131.00 | OK | |||
r-oldrel-windows-x86_64 | 0.5.10 | 9.00 | 317.00 | 326.00 | OK |
Version: 0.5.10
Check: Rd files
Result: NOTE
checkRd: (-1) impute_covariance_matrix.Rd:74-79: Lost braces in \itemize; meant \describe ?
checkRd: (-1) impute_covariance_matrix.Rd:80-87: Lost braces in \itemize; meant \describe ?
checkRd: (-1) impute_covariance_matrix.Rd:88-98: Lost braces in \itemize; meant \describe ?
Flavors: r-devel-linux-x86_64-debian-clang, r-devel-linux-x86_64-debian-gcc, r-devel-linux-x86_64-fedora-clang, r-devel-linux-x86_64-fedora-gcc, r-devel-windows-x86_64, r-patched-linux-x86_64