Last updated on 2024-07-03 18:57:33 CEST.
Flavor | Version | Tinstall | Tcheck | Ttotal | Status | Flags |
---|---|---|---|---|---|---|
r-devel-linux-x86_64-debian-clang | 1.1-4 | 4.17 | 40.06 | 44.23 | NOTE | |
r-devel-linux-x86_64-debian-gcc | 1.1-4 | 4.16 | 30.47 | 34.63 | NOTE | |
r-devel-linux-x86_64-fedora-clang | 1.1-4 | 58.75 | NOTE | |||
r-devel-linux-x86_64-fedora-gcc | 1.1-4 | 54.09 | NOTE | |||
r-devel-windows-x86_64 | 1.1-4 | 5.00 | 53.00 | 58.00 | NOTE | |
r-patched-linux-x86_64 | 1.1-4 | 5.26 | 38.18 | 43.44 | NOTE | |
r-release-linux-x86_64 | 1.1-4 | 5.12 | 37.62 | 42.74 | NOTE | |
r-release-macos-arm64 | 1.1-4 | 20.00 | NOTE | |||
r-release-macos-x86_64 | 1.1-4 | 30.00 | NOTE | |||
r-release-windows-x86_64 | 1.1-4 | 5.00 | 51.00 | 56.00 | NOTE | |
r-oldrel-macos-arm64 | 1.1-4 | 23.00 | NOTE | |||
r-oldrel-macos-x86_64 | 1.1-4 | 30.00 | NOTE | |||
r-oldrel-windows-x86_64 | 1.1-4 | 7.00 | 55.00 | 62.00 | NOTE |
Version: 1.1-4
Check: package dependencies
Result: NOTE
Package which this enhances but not available for checking: ‘rkward’
Flavors: r-devel-linux-x86_64-debian-clang, r-devel-linux-x86_64-debian-gcc, r-devel-linux-x86_64-fedora-clang, r-devel-linux-x86_64-fedora-gcc, r-devel-windows-x86_64, r-patched-linux-x86_64, r-release-linux-x86_64, r-release-macos-arm64, r-release-macos-x86_64, r-release-windows-x86_64, r-oldrel-macos-arm64, r-oldrel-macos-x86_64, r-oldrel-windows-x86_64