Last updated on 2024-04-19 06:56:12 CEST.
Flavor | Version | Tinstall | Tcheck | Ttotal | Status | Flags |
---|---|---|---|---|---|---|
r-devel-linux-x86_64-debian-clang | 0.5.5 | 67.55 | 107.76 | 175.31 | OK | |
r-devel-linux-x86_64-debian-gcc | 0.5.5 | OK | ||||
r-devel-linux-x86_64-fedora-clang | 0.5.5 | 238.67 | NOTE | |||
r-devel-linux-x86_64-fedora-gcc | 0.5.5 | 287.05 | NOTE | |||
r-prerel-macos-arm64 | 0.5.5 | 65.00 | OK | |||
r-prerel-windows-x86_64 | 0.5.5 | 49.00 | 115.00 | 164.00 | OK | |
r-patched-linux-x86_64 | 0.5.5 | 69.35 | 99.94 | 169.29 | OK | |
r-release-linux-x86_64 | 0.5.5 | 70.81 | 103.52 | 174.33 | OK | |
r-release-macos-arm64 | 0.5.5 | 78.00 | OK | |||
r-release-macos-x86_64 | 0.5.5 | 153.00 | OK | |||
r-release-windows-x86_64 | 0.5.5 | 68.00 | 137.00 | 205.00 | OK | |
r-oldrel-macos-arm64 | 0.5.5 | 63.00 | OK | |||
r-oldrel-windows-x86_64 | 0.5.5 | 63.00 | 129.00 | 192.00 | OK |
Version: 0.5.5
Check: data for non-ASCII characters
Result: NOTE
Note: found 27 marked UTF-8 strings
Flavors: r-devel-linux-x86_64-fedora-clang, r-devel-linux-x86_64-fedora-gcc