Last updated on 2025-07-27 18:51:17 CEST.
Flavor | Version | Tinstall | Tcheck | Ttotal | Status | Flags |
---|---|---|---|---|---|---|
r-devel-linux-x86_64-debian-clang | 0.3.5 | 4.15 | 39.69 | 43.84 | NOTE | |
r-devel-linux-x86_64-debian-gcc | 0.3.5 | 3.06 | 31.91 | 34.97 | NOTE | |
r-devel-linux-x86_64-fedora-clang | 0.3.5 | 71.02 | OK | |||
r-devel-linux-x86_64-fedora-gcc | 0.3.5 | 83.65 | OK | |||
r-devel-windows-x86_64 | 0.3.5 | 7.00 | 57.00 | 64.00 | NOTE | |
r-patched-linux-x86_64 | 0.3.5 | 4.23 | 36.86 | 41.09 | NOTE | |
r-release-linux-x86_64 | 0.3.5 | 4.18 | 36.92 | 41.10 | NOTE | |
r-release-macos-arm64 | 0.3.5 | 49.00 | OK | |||
r-release-macos-x86_64 | 0.3.5 | 85.00 | OK | |||
r-release-windows-x86_64 | 0.3.5 | 8.00 | 56.00 | 64.00 | NOTE | |
r-oldrel-macos-arm64 | 0.3.5 | 30.00 | OK | |||
r-oldrel-macos-x86_64 | 0.3.5 | 49.00 | OK | |||
r-oldrel-windows-x86_64 | 0.3.5 | 9.00 | 69.00 | 78.00 | OK |
Version: 0.3.5
Check: Rd cross-references
Result: NOTE
Found the following Rd file(s) with Rd \link{} targets missing package
anchors:
create_codemeta.Rd: write_json
write_codemeta.Rd: write_json
Please provide package anchors for all Rd \link{} targets not in the
package itself and the base packages.
Flavors: r-devel-linux-x86_64-debian-clang, r-devel-linux-x86_64-debian-gcc, r-devel-windows-x86_64, r-patched-linux-x86_64, r-release-linux-x86_64, r-release-windows-x86_64