CRAN Package Check Results for Package colorr

Last updated on 2025-07-21 06:49:23 CEST.

Flavor Version Tinstall Tcheck Ttotal Status Flags
r-devel-linux-x86_64-debian-clang 1.0.0 1.69 17.70 19.39 OK
r-devel-linux-x86_64-debian-gcc 1.0.0 1.37 14.74 16.11 OK
r-devel-linux-x86_64-fedora-clang 1.0.0 29.42 OK
r-devel-linux-x86_64-fedora-gcc 1.0.0 27.75 OK
r-devel-windows-x86_64 1.0.0 2.00 36.00 38.00 OK
r-patched-linux-x86_64 1.0.0 1.55 16.23 17.78 OK
r-release-linux-x86_64 1.0.0 1.57 16.56 18.13 OK
r-release-macos-arm64 1.0.0 13.00 OK
r-release-macos-x86_64 1.0.0 22.00 OK
r-release-windows-x86_64 1.0.0 3.00 41.00 44.00 OK
r-oldrel-macos-arm64 1.0.0 19.00 NOTE
r-oldrel-macos-x86_64 1.0.0 21.00 NOTE
r-oldrel-windows-x86_64 1.0.0 3.00 36.00 39.00 NOTE

Check Details

Version: 1.0.0
Check: LazyData
Result: NOTE 'LazyData' is specified without a 'data' directory Flavors: r-oldrel-macos-arm64, r-oldrel-macos-x86_64, r-oldrel-windows-x86_64