Last updated on 2025-07-27 18:51:17 CEST.
Flavor | Version | Tinstall | Tcheck | Ttotal | Status | Flags |
---|---|---|---|---|---|---|
r-devel-linux-x86_64-debian-clang | 1.1 | 10.43 | 77.51 | 87.94 | NOTE | |
r-devel-linux-x86_64-debian-gcc | 1.1 | 7.18 | 56.47 | 63.65 | NOTE | |
r-devel-linux-x86_64-fedora-clang | 1.1 | 130.96 | OK | |||
r-devel-linux-x86_64-fedora-gcc | 1.1 | 129.76 | OK | |||
r-devel-windows-x86_64 | 1.1 | 11.00 | 95.00 | 106.00 | OK | |
r-patched-linux-x86_64 | 1.1 | 9.61 | 73.04 | 82.65 | OK | |
r-release-linux-x86_64 | 1.1 | 9.46 | 72.52 | 81.98 | OK | |
r-release-macos-arm64 | 1.1 | 43.00 | OK | |||
r-release-macos-x86_64 | 1.1 | 80.00 | OK | |||
r-release-windows-x86_64 | 1.1 | 11.00 | 94.00 | 105.00 | OK | |
r-oldrel-macos-arm64 | 1.1 | 40.00 | OK | |||
r-oldrel-macos-x86_64 | 1.1 | 57.00 | OK | |||
r-oldrel-windows-x86_64 | 1.1 | 14.00 | 118.00 | 132.00 | OK |
Version: 1.1
Check: CRAN incoming feasibility
Result: NOTE
Maintainer: ‘Andreas Muehling <andreas.muehling@tum.de>’
No Authors@R field in DESCRIPTION.
Please add one, modifying
Authors@R: person(given = "Andreas",
family = "Muehling",
role = c("aut", "cre"),
email = "andreas.muehling@tum.de")
as necessary.
Flavors: r-devel-linux-x86_64-debian-clang, r-devel-linux-x86_64-debian-gcc