CRAN Package Check Results for Package comclim

Last updated on 2025-07-27 18:51:17 CEST.

Flavor Version Tinstall Tcheck Ttotal Status Flags
r-devel-linux-x86_64-debian-clang 0.9.6 2.24 142.35 144.59 NOTE
r-devel-linux-x86_64-debian-gcc 0.9.6 1.81 83.33 85.14 NOTE
r-devel-linux-x86_64-fedora-clang 0.9.6 206.26 OK
r-devel-linux-x86_64-fedora-gcc 0.9.6 222.15 OK
r-devel-windows-x86_64 0.9.6 3.00 134.00 137.00 OK
r-patched-linux-x86_64 0.9.6 2.41 126.40 128.81 OK
r-release-linux-x86_64 0.9.6 2.20 128.04 130.24 OK
r-release-macos-arm64 0.9.6 56.00 OK
r-release-macos-x86_64 0.9.6 143.00 OK
r-release-windows-x86_64 0.9.6 4.00 137.00 141.00 OK
r-oldrel-macos-arm64 0.9.6 58.00 OK
r-oldrel-macos-x86_64 0.9.6 106.00 OK
r-oldrel-windows-x86_64 0.9.6 3.00 133.00 136.00 OK

Check Details

Version: 0.9.6
Check: CRAN incoming feasibility
Result: NOTE Maintainer: ‘Benjamin Blonder <benjamin.blonder@berkeley.edu>’ No Authors@R field in DESCRIPTION. Please add one, modifying Authors@R: person(given = "Benjamin", family = "Blonder", role = c("aut", "cre"), email = "benjamin.blonder@berkeley.edu") as necessary. Flavors: r-devel-linux-x86_64-debian-clang, r-devel-linux-x86_64-debian-gcc