CRAN Package Check Results for Package compositions

Last updated on 2025-04-15 06:51:42 CEST.

Flavor Version Tinstall Tcheck Ttotal Status Flags
r-devel-linux-x86_64-debian-clang 2.0-8 24.08 204.39 228.47 NOTE
r-devel-linux-x86_64-debian-gcc 2.0-8 14.41 140.43 154.84 NOTE
r-devel-linux-x86_64-fedora-clang 2.0-8 368.46 OK
r-devel-linux-x86_64-fedora-gcc 2.0-8 372.51 OK
r-devel-windows-x86_64 2.0-8 26.00 271.00 297.00 NOTE
r-patched-linux-x86_64 2.0-8 29.34 201.14 230.48 NOTE
r-release-linux-x86_64 2.0-8 21.05 203.84 224.89 NOTE
r-release-macos-arm64 2.0-8 118.00 OK
r-release-macos-x86_64 2.0-8 221.00 OK
r-release-windows-x86_64 2.0-8 27.00 274.00 301.00 NOTE
r-oldrel-macos-arm64 2.0-8 91.00 OK
r-oldrel-macos-x86_64 2.0-8 175.00 OK
r-oldrel-windows-x86_64 2.0-8 34.00 328.00 362.00 OK

Check Details

Version: 2.0-8
Check: Rd cross-references
Result: NOTE Found the following Rd file(s) with Rd \link{} targets missing package anchors: codadendrogram.Rd: histogram pairwisePlot.Rd: lmrob pwlrPlot.Rd: lmrob Please provide package anchors for all Rd \link{} targets not in the package itself and the base packages. Flavors: r-devel-linux-x86_64-debian-clang, r-devel-linux-x86_64-debian-gcc, r-devel-windows-x86_64, r-patched-linux-x86_64, r-release-linux-x86_64, r-release-windows-x86_64