Last updated on 2025-10-27 17:50:25 CET.
| Flavor | Version | Tinstall | Tcheck | Ttotal | Status | Flags |
|---|---|---|---|---|---|---|
| r-devel-linux-x86_64-debian-clang | 1.0.6 | 448.23 | 190.29 | 638.52 | OK | |
| r-devel-linux-x86_64-debian-gcc | 1.0.6 | 409.72 | 173.80 | 583.52 | OK | |
| r-devel-linux-x86_64-fedora-clang | 1.0.6 | 840.00 | 111.16 | 951.16 | OK | |
| r-devel-linux-x86_64-fedora-gcc | 1.0.6 | 1320.00 | -52.21 | 1267.79 | OK | |
| r-devel-windows-x86_64 | 1.0.6 | 512.00 | 236.00 | 748.00 | OK | |
| r-patched-linux-x86_64 | 1.0.6 | 545.63 | 236.19 | 781.82 | OK | |
| r-release-linux-x86_64 | 1.0.6 | 527.08 | 234.72 | 761.80 | OK | |
| r-release-macos-arm64 | 1.0.6 | 165.00 | 63.00 | 228.00 | OK | |
| r-release-macos-x86_64 | 1.0.6 | 202.00 | 147.00 | 349.00 | OK | |
| r-release-windows-x86_64 | 1.0.6 | 514.00 | 245.00 | 759.00 | OK | |
| r-oldrel-macos-arm64 | 1.0.6 | 94.00 | 47.00 | 141.00 | NOTE | |
| r-oldrel-macos-x86_64 | 1.0.6 | 74.00 | 78.00 | 152.00 | NOTE | |
| r-oldrel-windows-x86_64 | 1.0.6 | 563.00 | 308.00 | 871.00 | NOTE |
Version: 1.0.6
Check: installed package size
Result: NOTE
installed size is 101.0Mb
sub-directories of 1Mb or more:
libs 99.8Mb
Flavors: r-oldrel-macos-arm64, r-oldrel-macos-x86_64, r-oldrel-windows-x86_64
Version: 1.0.6
Check: for GNU extensions in Makefiles
Result: NOTE
GNU make is a SystemRequirements.
Flavors: r-oldrel-macos-arm64, r-oldrel-macos-x86_64, r-oldrel-windows-x86_64