Last updated on 2025-05-18 18:49:57 CEST.
Flavor | Version | Tinstall | Tcheck | Ttotal | Status | Flags |
---|---|---|---|---|---|---|
r-devel-linux-x86_64-debian-clang | 1.4.5 | 20.86 | 169.24 | 190.10 | OK | |
r-devel-linux-x86_64-debian-gcc | 1.4.5 | 14.98 | 112.31 | 127.29 | OK | |
r-devel-linux-x86_64-fedora-clang | 1.5.1 | 322.24 | OK | |||
r-devel-linux-x86_64-fedora-gcc | 1.4.5 | 310.56 | OK | |||
r-devel-windows-x86_64 | 1.4.5 | 30.00 | 197.00 | 227.00 | OK | |
r-patched-linux-x86_64 | 1.4.5 | 23.25 | 156.73 | 179.98 | OK | |
r-release-linux-x86_64 | 1.4.5 | 21.33 | 158.19 | 179.52 | OK | |
r-release-macos-arm64 | 1.5.1 | 11.00 | ERROR | |||
r-release-macos-x86_64 | 1.4.5 | 158.00 | OK | |||
r-release-windows-x86_64 | 1.4.5 | 31.00 | 212.00 | 243.00 | OK | |
r-oldrel-macos-arm64 | 1.5.1 | 79.00 | OK | |||
r-oldrel-macos-x86_64 | 1.4.5 | 184.00 | OK | |||
r-oldrel-windows-x86_64 | 1.4.5 | 35.00 | 243.00 | 278.00 | OK |
Version: 1.5.1
Check: whether package can be installed
Result: ERROR
Installation failed.
Flavor: r-release-macos-arm64