Last updated on 2024-07-05 19:04:18 CEST.
Flavor | Version | Tinstall | Tcheck | Ttotal | Status | Flags |
---|---|---|---|---|---|---|
r-devel-linux-x86_64-debian-clang | 1.2.0 | 6.21 | 55.56 | 61.77 | NOTE | |
r-devel-linux-x86_64-debian-gcc | 1.2.0 | 5.37 | 42.26 | 47.63 | NOTE | |
r-devel-linux-x86_64-fedora-clang | 1.2.0 | 78.36 | NOTE | |||
r-devel-linux-x86_64-fedora-gcc | 1.2.0 | 72.34 | NOTE | |||
r-devel-windows-x86_64 | 1.2.0 | 7.00 | 61.00 | 68.00 | NOTE | |
r-patched-linux-x86_64 | 1.2.0 | 12.81 | 53.54 | 66.35 | NOTE | |
r-release-linux-x86_64 | 1.2.0 | 4.04 | 54.00 | 58.04 | NOTE | |
r-release-macos-arm64 | 1.2.0 | 26.00 | NOTE | |||
r-release-macos-x86_64 | 1.2.0 | 43.00 | NOTE | |||
r-release-windows-x86_64 | 1.2.0 | 8.00 | 62.00 | 70.00 | NOTE | |
r-oldrel-macos-arm64 | 1.2.0 | 26.00 | NOTE | |||
r-oldrel-macos-x86_64 | 1.2.0 | 42.00 | NOTE | |||
r-oldrel-windows-x86_64 | 1.2.0 | 8.00 | 70.00 | 78.00 | NOTE |
Version: 1.2.0
Check: LazyData
Result: NOTE
'LazyData' is specified without a 'data' directory
Flavors: r-devel-linux-x86_64-debian-clang, r-devel-linux-x86_64-debian-gcc, r-devel-linux-x86_64-fedora-clang, r-devel-linux-x86_64-fedora-gcc, r-devel-windows-x86_64, r-patched-linux-x86_64, r-release-linux-x86_64, r-release-macos-arm64, r-release-macos-x86_64, r-release-windows-x86_64, r-oldrel-macos-arm64, r-oldrel-macos-x86_64, r-oldrel-windows-x86_64