Last updated on 2024-03-28 17:49:24 CET.
Flavor | Version | Tinstall | Tcheck | Ttotal | Status | Flags |
---|---|---|---|---|---|---|
r-devel-linux-x86_64-debian-clang | 0.92 | 4.28 | 54.90 | 59.18 | OK | |
r-devel-linux-x86_64-debian-gcc | 0.92 | 2.79 | 40.33 | 43.12 | OK | |
r-devel-linux-x86_64-fedora-clang | 0.92 | 71.78 | NOTE | |||
r-devel-linux-x86_64-fedora-gcc | 0.92 | 82.63 | OK | |||
r-devel-windows-x86_64 | 0.92 | 4.00 | 67.00 | 71.00 | OK | |
r-patched-linux-x86_64 | 0.92 | 4.17 | 51.43 | 55.60 | OK | |
r-release-linux-x86_64 | 0.92 | 4.00 | 51.26 | 55.26 | OK | |
r-release-macos-arm64 | 0.92 | 39.00 | OK | |||
r-release-macos-x86_64 | 0.92 | 52.00 | OK | |||
r-release-windows-x86_64 | 0.92 | 6.00 | 73.00 | 79.00 | OK | |
r-oldrel-macos-arm64 | 0.92 | 32.00 | OK | |||
r-oldrel-windows-x86_64 | 0.92 | 6.00 | 74.00 | 80.00 | OK |
Version: 0.92
Check: installed package size
Result: NOTE
installed size is 5.0Mb
sub-directories of 1Mb or more:
doc 4.8Mb
Flavor: r-devel-linux-x86_64-fedora-clang