Last updated on 2024-03-28 17:49:24 CET.
Flavor | Version | Tinstall | Tcheck | Ttotal | Status | Flags |
---|---|---|---|---|---|---|
r-devel-linux-x86_64-debian-clang | 0.4.4 | 29.93 | 34.07 | 64.00 | NOTE | |
r-devel-linux-x86_64-debian-gcc | 0.4.4 | 31.70 | 28.13 | 59.83 | NOTE | |
r-devel-linux-x86_64-fedora-clang | 0.4.4 | 82.18 | NOTE | |||
r-devel-linux-x86_64-fedora-gcc | 0.4.4 | 95.45 | NOTE | |||
r-devel-windows-x86_64 | 0.4.4 | 35.00 | 56.00 | 91.00 | NOTE | |
r-patched-linux-x86_64 | 0.4.4 | 40.69 | 34.90 | 75.59 | NOTE | |
r-release-linux-x86_64 | 0.4.4 | 37.23 | 35.52 | 72.75 | NOTE | |
r-release-macos-arm64 | 0.4.4 | 32.00 | NOTE | |||
r-release-macos-x86_64 | 0.4.4 | 45.00 | NOTE | |||
r-release-windows-x86_64 | 0.4.4 | 42.00 | 72.00 | 114.00 | NOTE | |
r-oldrel-macos-arm64 | 0.4.4 | 30.00 | NOTE | |||
r-oldrel-windows-x86_64 | 0.4.4 | 33.00 | 69.00 | 102.00 | NOTE |
Version: 0.4.4
Check: LazyData
Result: NOTE
'LazyData' is specified without a 'data' directory
Flavors: r-devel-linux-x86_64-debian-clang, r-devel-linux-x86_64-debian-gcc, r-devel-linux-x86_64-fedora-clang, r-devel-linux-x86_64-fedora-gcc, r-devel-windows-x86_64, r-patched-linux-x86_64, r-release-linux-x86_64, r-release-macos-arm64, r-release-macos-x86_64, r-release-windows-x86_64, r-oldrel-macos-arm64, r-oldrel-windows-x86_64
Version: 0.4.4
Check: installed package size
Result: NOTE
installed size is 9.8Mb
sub-directories of 1Mb or more:
libs 9.2Mb
Flavors: r-release-macos-arm64, r-release-macos-x86_64, r-oldrel-macos-arm64