Last updated on 2024-07-03 18:57:33 CEST.
Flavor | Version | Tinstall | Tcheck | Ttotal | Status | Flags |
---|---|---|---|---|---|---|
r-devel-linux-x86_64-debian-clang | 0.1.2 | 5.31 | 40.79 | 46.10 | OK | |
r-devel-linux-x86_64-debian-gcc | 0.1.2 | 4.18 | 31.21 | 35.39 | OK | |
r-devel-linux-x86_64-fedora-clang | 0.1.2 | 57.43 | NOTE | |||
r-devel-linux-x86_64-fedora-gcc | 0.1.2 | 67.60 | NOTE | |||
r-devel-windows-x86_64 | 0.1.2 | 7.00 | 57.00 | 64.00 | OK | |
r-patched-linux-x86_64 | 0.1.2 | 5.09 | 39.37 | 44.46 | OK | |
r-release-linux-x86_64 | 0.1.2 | 3.12 | 38.10 | 41.22 | OK | |
r-release-macos-arm64 | 0.1.2 | 31.00 | OK | |||
r-release-macos-x86_64 | 0.1.2 | 42.00 | OK | |||
r-release-windows-x86_64 | 0.1.2 | 7.00 | 57.00 | 64.00 | OK | |
r-oldrel-macos-arm64 | 0.1.2 | 33.00 | OK | |||
r-oldrel-macos-x86_64 | 0.1.2 | 41.00 | OK | |||
r-oldrel-windows-x86_64 | 0.1.2 | 10.00 | 57.00 | 67.00 | OK |
Version: 0.1.2
Check: dependencies in R code
Result: NOTE
Namespaces in Imports field not imported from:
‘mapview’ ‘plotly’
All declared Imports should be used.
Flavors: r-devel-linux-x86_64-fedora-clang, r-devel-linux-x86_64-fedora-gcc