Last updated on 2025-11-19 17:48:36 CET.
| Flavor | Version | Tinstall | Tcheck | Ttotal | Status | Flags |
|---|---|---|---|---|---|---|
| r-devel-linux-x86_64-debian-clang | 0.2.0 | 1.85 | 26.87 | 28.72 | OK | |
| r-devel-linux-x86_64-debian-gcc | 0.2.0 | 1.57 | 21.96 | 23.53 | OK | |
| r-devel-linux-x86_64-fedora-clang | 0.2.0 | 40.49 | OK | |||
| r-devel-linux-x86_64-fedora-gcc | 0.2.0 | 51.82 | OK | |||
| r-devel-windows-x86_64 | 0.2.0 | 11.00 | 48.00 | 59.00 | OK | |
| r-patched-linux-x86_64 | 0.2.0 | 1.88 | 24.04 | 25.92 | OK | |
| r-release-linux-x86_64 | 0.2.0 | 1.77 | 24.16 | 25.93 | OK | |
| r-release-macos-arm64 | 0.2.0 | OK | ||||
| r-release-macos-x86_64 | 0.2.0 | 2.00 | 65.00 | 67.00 | OK | |
| r-release-windows-x86_64 | 0.2.0 | 10.00 | 47.00 | 57.00 | OK | |
| r-oldrel-macos-arm64 | 0.2.0 | NOTE | ||||
| r-oldrel-macos-x86_64 | 0.2.0 | 3.00 | 65.00 | 68.00 | NOTE | |
| r-oldrel-windows-x86_64 | 0.2.0 | 7.00 | 55.00 | 62.00 | NOTE |
Version: 0.2.0
Check: installed package size
Result: NOTE
installed size is 8.2Mb
sub-directories of 1Mb or more:
include 7.7Mb
Flavors: r-oldrel-macos-arm64, r-oldrel-macos-x86_64, r-oldrel-windows-x86_64