CRAN Package Check Results for Package crosstalk

Last updated on 2025-07-27 06:49:24 CEST.

Flavor Version Tinstall Tcheck Ttotal Status Flags
r-devel-linux-x86_64-debian-clang 1.2.1 4.10 29.23 33.33 NOTE
r-devel-linux-x86_64-debian-gcc 1.2.1 2.96 23.82 26.78 NOTE
r-devel-linux-x86_64-fedora-clang 1.2.1 49.54 OK
r-devel-linux-x86_64-fedora-gcc 1.2.1 47.07 OK
r-devel-windows-x86_64 1.2.1 6.00 60.00 66.00 NOTE
r-patched-linux-x86_64 1.2.1 4.35 27.82 32.17 NOTE
r-release-linux-x86_64 1.2.1 4.14 27.69 31.83 NOTE
r-release-macos-arm64 1.2.1 22.00 OK
r-release-macos-x86_64 1.2.1 42.00 OK
r-release-windows-x86_64 1.2.1 6.00 56.00 62.00 NOTE
r-oldrel-macos-arm64 1.2.1 21.00 OK
r-oldrel-macos-x86_64 1.2.1 45.00 OK
r-oldrel-windows-x86_64 1.2.1 7.00 55.00 62.00 OK

Check Details

Version: 1.2.1
Check: Rd cross-references
Result: NOTE Found the following Rd file(s) with Rd \link{} targets missing package anchors: filter_slider.Rd: tag, HTML Please provide package anchors for all Rd \link{} targets not in the package itself and the base packages. Flavors: r-devel-linux-x86_64-debian-clang, r-devel-linux-x86_64-debian-gcc, r-devel-windows-x86_64, r-patched-linux-x86_64, r-release-linux-x86_64, r-release-windows-x86_64