Last updated on 2024-04-25 06:54:13 CEST.
Flavor | Version | Tinstall | Tcheck | Ttotal | Status | Flags |
---|---|---|---|---|---|---|
r-devel-linux-x86_64-debian-clang | 1.1.2 | 12.96 | 71.86 | 84.82 | OK | |
r-devel-linux-x86_64-debian-gcc | 1.1.2 | 8.30 | 52.72 | 61.02 | OK | |
r-devel-linux-x86_64-fedora-clang | 1.1.2 | 102.16 | NOTE | |||
r-devel-linux-x86_64-fedora-gcc | 1.1.2 | 99.24 | NOTE | |||
r-devel-windows-x86_64 | 1.1.2 | 13.00 | 77.00 | 90.00 | OK | |
r-patched-linux-x86_64 | 1.1.2 | 10.12 | 67.96 | 78.08 | OK | |
r-release-linux-x86_64 | 1.1.2 | 13.04 | 70.05 | 83.09 | OK | |
r-release-macos-arm64 | 1.1.2 | 36.00 | OK | |||
r-release-windows-x86_64 | 1.1.2 | 13.00 | 77.00 | 90.00 | OK | |
r-oldrel-macos-arm64 | 1.1.2 | 39.00 | OK | |||
r-oldrel-macos-x86_64 | 1.1.2 | 59.00 | OK | |||
r-oldrel-windows-x86_64 | 1.1.2 | 16.00 | 88.00 | 104.00 | OK |
Version: 1.1.2
Check: compiled code
Result: NOTE
File ‘crrSC/libs/crrSC.so’:
Found no calls to: ‘R_registerRoutines’, ‘R_useDynamicSymbols’
It is good practice to register native routines and to disable symbol
search.
See ‘Writing portable packages’ in the ‘Writing R Extensions’ manual.
Flavors: r-devel-linux-x86_64-fedora-clang, r-devel-linux-x86_64-fedora-gcc