Last updated on 2025-11-23 05:50:13 CET.
| Flavor | Version | Tinstall | Tcheck | Ttotal | Status | Flags |
|---|---|---|---|---|---|---|
| r-devel-linux-x86_64-debian-clang | 0.1.2 | 9.64 | 155.93 | 165.57 | NOTE | |
| r-devel-linux-x86_64-debian-gcc | 0.1.2 | 6.83 | 110.56 | 117.39 | NOTE | |
| r-devel-linux-x86_64-fedora-clang | 0.1.2 | 19.00 | 233.17 | 252.17 | OK | |
| r-devel-windows-x86_64 | 0.1.2 | 16.00 | 160.00 | 176.00 | OK | |
| r-patched-linux-x86_64 | 0.1.2 | 8.69 | 153.29 | 161.98 | OK | |
| r-release-linux-x86_64 | 0.1.2 | 9.16 | 151.91 | 161.07 | OK | |
| r-release-macos-arm64 | 0.1.2 | OK | ||||
| r-release-macos-x86_64 | 0.1.2 | 9.00 | 166.00 | 175.00 | OK | |
| r-release-windows-x86_64 | 0.1.2 | 12.00 | 165.00 | 177.00 | OK | |
| r-oldrel-macos-arm64 | 0.1.2 | OK | ||||
| r-oldrel-macos-x86_64 | 0.1.2 | 6.00 | 115.00 | 121.00 | OK | |
| r-oldrel-windows-x86_64 | 0.1.2 | 14.00 | 208.00 | 222.00 | OK |
Version: 0.1.2
Check: CRAN incoming feasibility
Result: NOTE
Maintainer: ‘Cheng Ju <jucheng1992@gmail.com>’
The Description field contains
algorithm (Ju et al. (2017) <arXiv:1706.10029>).
Please refer to arXiv e-prints via their arXiv DOI <doi:10.48550/arXiv.YYMM.NNNNN>.
Flavors: r-devel-linux-x86_64-debian-clang, r-devel-linux-x86_64-debian-gcc