CRAN Package Check Results for Package cumulocityr

Last updated on 2025-06-28 18:49:37 CEST.

Flavor Version Tinstall Tcheck Ttotal Status Flags
r-devel-linux-x86_64-debian-clang 0.1.0 1.85 24.71 26.56 OK
r-devel-linux-x86_64-debian-gcc 0.1.0 1.62 20.26 21.88 OK
r-devel-linux-x86_64-fedora-clang 0.1.0 40.26 OK
r-devel-linux-x86_64-fedora-gcc 0.1.0 49.86 OK
r-devel-windows-x86_64 0.1.0 3.00 44.00 47.00 OK
r-patched-linux-x86_64 OK
r-release-linux-x86_64 0.1.0 1.70 22.38 24.08 OK
r-release-macos-arm64 0.1.0 34.00 OK
r-release-macos-x86_64 0.1.0 44.00 OK
r-release-windows-x86_64 0.1.0 4.00 45.00 49.00 OK
r-oldrel-macos-arm64 0.1.0 23.00 NOTE
r-oldrel-macos-x86_64 0.1.0 34.00 NOTE
r-oldrel-windows-x86_64 0.1.0 4.00 49.00 53.00 NOTE

Additional issues

donttest

Check Details

Version: 0.1.0
Check: LazyData
Result: NOTE 'LazyData' is specified without a 'data' directory Flavors: r-oldrel-macos-arm64, r-oldrel-macos-x86_64, r-oldrel-windows-x86_64