Last updated on 2025-11-21 05:49:46 CET.
| Flavor | Version | Tinstall | Tcheck | Ttotal | Status | Flags |
|---|---|---|---|---|---|---|
| r-devel-linux-x86_64-debian-clang | 0.1.1 | 1.70 | 21.91 | 23.61 | OK | |
| r-devel-linux-x86_64-debian-gcc | 0.1.1 | 1.18 | 18.35 | 19.53 | OK | |
| r-devel-linux-x86_64-fedora-clang | 0.1.1 | 33.36 | NOTE | |||
| r-devel-linux-x86_64-fedora-gcc | 0.1.1 | 29.98 | NOTE | |||
| r-devel-windows-x86_64 | 0.1.1 | 5.00 | 39.00 | 44.00 | OK | |
| r-patched-linux-x86_64 | 0.1.1 | 1.75 | 19.90 | 21.65 | OK | |
| r-release-linux-x86_64 | 0.1.1 | 1.68 | 19.75 | 21.43 | OK | |
| r-release-macos-arm64 | 0.1.1 | OK | ||||
| r-release-macos-x86_64 | 0.1.1 | 2.00 | 24.00 | 26.00 | OK | |
| r-release-windows-x86_64 | 0.1.1 | 3.00 | 38.00 | 41.00 | OK | |
| r-oldrel-macos-arm64 | 0.1.1 | OK | ||||
| r-oldrel-macos-x86_64 | 0.1.1 | 2.00 | 26.00 | 28.00 | OK | |
| r-oldrel-windows-x86_64 | 0.1.1 | 3.00 | 43.00 | 46.00 | OK |
Version: 0.1.1
Check: dependencies in R code
Result: NOTE
Namespace in Imports field not imported from: ‘rlang’
All declared Imports should be used.
Flavors: r-devel-linux-x86_64-fedora-clang, r-devel-linux-x86_64-fedora-gcc