Last updated on 2025-11-04 13:50:12 CET.
| Flavor | Version | Tinstall | Tcheck | Ttotal | Status | Flags |
|---|---|---|---|---|---|---|
| r-devel-linux-x86_64-debian-clang | 0.1.1 | 8.50 | 70.28 | 78.78 | OK | |
| r-devel-linux-x86_64-debian-gcc | 0.1.1 | 5.73 | 54.40 | 60.13 | OK | |
| r-devel-linux-x86_64-fedora-clang | 0.1.1 | 15.00 | 100.95 | 115.95 | OK | |
| r-devel-linux-x86_64-fedora-gcc | 0.1.1 | 17.00 | 98.95 | 115.95 | OK | |
| r-devel-windows-x86_64 | 0.1.1 | 9.00 | 76.00 | 85.00 | OK | |
| r-patched-linux-x86_64 | 0.1.1 | 5.78 | 67.22 | 73.00 | OK | |
| r-release-linux-x86_64 | 0.1.1 | 7.21 | 67.29 | 74.50 | OK | |
| r-release-macos-arm64 | 0.1.1 | 4.00 | 31.00 | 35.00 | OK | |
| r-release-macos-x86_64 | 0.1.1 | 10.00 | 50.00 | 60.00 | OK | |
| r-release-windows-x86_64 | 0.1.1 | 9.00 | 75.00 | 84.00 | OK | |
| r-oldrel-macos-arm64 | 0.1.1 | 4.00 | 37.00 | 41.00 | NOTE | |
| r-oldrel-macos-x86_64 | 0.1.1 | 9.00 | 66.00 | 75.00 | NOTE | |
| r-oldrel-windows-x86_64 | 0.1.1 | 11.00 | 102.00 | 113.00 | NOTE |
Version: 0.1.1
Check: LazyData
Result: NOTE
'LazyData' is specified without a 'data' directory
Flavors: r-oldrel-macos-arm64, r-oldrel-macos-x86_64, r-oldrel-windows-x86_64