Last updated on 2025-11-19 17:48:36 CET.
| Flavor | Version | Tinstall | Tcheck | Ttotal | Status | Flags |
|---|---|---|---|---|---|---|
| r-devel-linux-x86_64-debian-clang | 1.0.2 | 3.79 | 35.39 | 39.18 | OK | |
| r-devel-linux-x86_64-debian-gcc | 1.0.2 | 2.56 | 27.45 | 30.01 | ERROR | |
| r-devel-linux-x86_64-fedora-clang | 1.0.2 | 58.05 | OK | |||
| r-devel-linux-x86_64-fedora-gcc | 1.0.2 | 53.15 | OK | |||
| r-devel-windows-x86_64 | 1.0.2 | 8.00 | 50.00 | 58.00 | OK | |
| r-patched-linux-x86_64 | 1.0.2 | 3.51 | 31.92 | 35.43 | OK | |
| r-release-linux-x86_64 | 1.0.2 | 3.52 | 32.09 | 35.61 | OK | |
| r-release-macos-arm64 | 1.0.2 | OK | ||||
| r-release-macos-x86_64 | 1.0.2 | 3.00 | 31.00 | 34.00 | OK | |
| r-release-windows-x86_64 | 1.0.2 | 5.00 | 48.00 | 53.00 | OK | |
| r-oldrel-macos-arm64 | 1.0.2 | NOTE | ||||
| r-oldrel-macos-x86_64 | 1.0.2 | 3.00 | 32.00 | 35.00 | NOTE | |
| r-oldrel-windows-x86_64 | 1.0.2 | 7.00 | 58.00 | 65.00 | NOTE |
Version: 1.0.2
Check: examples
Result: ERROR
Running examples in ‘dadjokeapi-Ex.R’ failed
The error most likely occurred in:
> base::assign(".ptime", proc.time(), pos = "CheckExEnv")
> ### Name: groan
> ### Title: Function to return random dad joke
> ### Aliases: groan
>
> ### ** Examples
>
> groan(sting = FALSE)
Error: The icanhazdadjoke API did not return JSON as expected
Execution halted
Flavor: r-devel-linux-x86_64-debian-gcc
Version: 1.0.2
Check: LazyData
Result: NOTE
'LazyData' is specified without a 'data' directory
Flavors: r-oldrel-macos-arm64, r-oldrel-macos-x86_64, r-oldrel-windows-x86_64