CRAN Package Check Results for Package dafishr

Last updated on 2025-05-18 18:49:58 CEST.

Flavor Version Tinstall Tcheck Ttotal Status Flags
r-devel-linux-x86_64-debian-clang 1.0.1 6.69 66.04 72.73 NOTE
r-devel-linux-x86_64-debian-gcc 1.0.1 5.31 47.41 52.72 NOTE
r-devel-linux-x86_64-fedora-clang 1.0.1 110.96 NOTE
r-devel-linux-x86_64-fedora-gcc 1.0.1 120.94 NOTE
r-devel-windows-x86_64 1.0.1 12.00 80.00 92.00 NOTE
r-patched-linux-x86_64 1.0.1 6.29 60.52 66.81 NOTE
r-release-linux-x86_64 1.0.1 6.75 60.98 67.73 NOTE
r-release-macos-arm64 1.0.1 44.00 NOTE
r-release-macos-x86_64 1.0.1 78.00 NOTE
r-release-windows-x86_64 1.0.1 8.00 87.00 95.00 NOTE
r-oldrel-macos-arm64 1.0.1 41.00 OK
r-oldrel-macos-x86_64 1.0.1 120.00 OK
r-oldrel-windows-x86_64 1.0.1 12.00 96.00 108.00 OK

Check Details

Version: 1.0.1
Check: DESCRIPTION meta-information
Result: NOTE Missing dependency on R >= 4.1.0 because package code uses the pipe |> or function shorthand \(...) syntax added in R 4.1.0. File(s) using such syntax: ‘clean_land_points.R’ ‘join_mpa_data.R’ ‘join_mpa_data.Rd’ ‘join_ports_locations.R’ ‘model_vms.R’ ‘vms_clean.R’ Flavors: r-devel-linux-x86_64-debian-clang, r-devel-linux-x86_64-debian-gcc, r-devel-linux-x86_64-fedora-clang, r-devel-linux-x86_64-fedora-gcc, r-devel-windows-x86_64, r-patched-linux-x86_64, r-release-linux-x86_64, r-release-macos-arm64, r-release-windows-x86_64

Version: 1.0.1
Check: DESCRIPTION meta-information
Result: NOTE Missing dependency on R >= 4.1.0 because package code uses the pipe |> or function shorthand \(...) syntax added in R 4.1.0. File(s) using such syntax: ‘clean_land_points.R’ ‘join_mpa_data.R’ ‘join_ports_locations.R’ ‘model_vms.R’ ‘vms_clean.R’ Flavor: r-release-macos-x86_64