CRAN Package Check Results for Package dang

Last updated on 2025-11-23 17:50:09 CET.

Flavor Version Tinstall Tcheck Ttotal Status Flags
r-devel-linux-x86_64-debian-clang 0.0.16 5.39 24.54 29.93 NOTE
r-devel-linux-x86_64-debian-gcc 0.0.16 3.76 19.87 23.63 NOTE
r-devel-linux-x86_64-fedora-clang 0.0.16 16.00 33.78 49.78 OK
r-devel-linux-x86_64-fedora-gcc 0.0.16 11.00 31.78 42.78 OK
r-devel-windows-x86_64 0.0.16 16.00 60.00 76.00 OK
r-patched-linux-x86_64 0.0.16 5.30 22.13 27.43 OK
r-release-linux-x86_64 0.0.16 5.03 22.06 27.09 OK
r-release-macos-arm64 0.0.16 OK
r-release-macos-x86_64 0.0.16 6.00 23.00 29.00 OK
r-release-windows-x86_64 0.0.16 10.00 63.00 73.00 OK
r-oldrel-macos-arm64 0.0.16 OK
r-oldrel-macos-x86_64 0.0.16 4.00 22.00 26.00 OK
r-oldrel-windows-x86_64 0.0.16 11.00 67.00 78.00 OK

Check Details

Version: 0.0.16
Check: CRAN incoming feasibility
Result: NOTE Maintainer: ‘Dirk Eddelbuettel <edd@debian.org>’ No Authors@R field in DESCRIPTION. Please add one, modifying Authors@R: c(person(given = c("Dirk", "Eddelbuettel", "with", "contributions", "by", "Brodie"), family = "Gaslam", role = "aut"), person(given = "Kevin", family = "Denny", role = "aut"), person(given = "Kabira", family = "Namit", role = "aut"), person(given = "Colin", family = "Gillespie", role = "aut"), person(given = "R", family = "Core", role = "aut"), person(given = "Josh", family = "Ulrich", role = "aut"), person(given = c("Jordan", "Mark"), family = "Barbone", role = "aut"), person(given = "Bill", family = "Dunlap", role = "aut"), person(family = "others.", role = "aut"), person(given = "Dirk", family = "Eddelbuettel", role = "cre", email = "edd@debian.org")) as necessary. Flavors: r-devel-linux-x86_64-debian-clang, r-devel-linux-x86_64-debian-gcc