Last updated on 2025-11-22 17:49:27 CET.
| Flavor | Version | Tinstall | Tcheck | Ttotal | Status | Flags |
|---|---|---|---|---|---|---|
| r-devel-linux-x86_64-debian-clang | 0.71 | 48.20 | 432.18 | 480.38 | OK | |
| r-devel-linux-x86_64-debian-gcc | 0.71 | 31.45 | 291.77 | 323.22 | OK | |
| r-devel-linux-x86_64-fedora-clang | 0.71 | 113.00 | 678.90 | 791.90 | OK | |
| r-devel-linux-x86_64-fedora-gcc | 0.71 | 243.00 | 552.89 | 795.89 | OK | |
| r-devel-windows-x86_64 | 0.70 | 50.00 | 307.00 | 357.00 | NOTE | |
| r-patched-linux-x86_64 | 0.71 | 48.63 | 411.32 | 459.95 | OK | |
| r-release-linux-x86_64 | 0.70 | 46.54 | 389.56 | 436.10 | NOTE | |
| r-release-macos-arm64 | 0.71 | 3.00 | 4.00 | 7.00 | ERROR | |
| r-release-macos-x86_64 | 0.71 | 41.00 | 225.00 | 266.00 | OK | |
| r-release-windows-x86_64 | 0.71 | 47.00 | 345.00 | 392.00 | OK | |
| r-oldrel-macos-arm64 | 0.71 | 2.00 | 9.00 | 11.00 | ERROR | |
| r-oldrel-macos-x86_64 | 0.71 | 48.00 | 245.00 | 293.00 | OK | |
| r-oldrel-windows-x86_64 | 0.71 | 51.00 | 449.00 | 500.00 | OK |
Version: 0.70
Check: Rd cross-references
Result: NOTE
Found the following Rd file(s) with Rd \link{} targets missing package
anchors:
gl.diagnostics.sim.Rd: gl.filter.callrate
Please provide package anchors for all Rd \link{} targets not in the
package itself and the base packages.
Flavors: r-devel-windows-x86_64, r-release-linux-x86_64
Version: 0.71
Check: whether package can be installed
Result: ERROR
Installation failed.
Flavors: r-release-macos-arm64, r-oldrel-macos-arm64