CRAN Package Check Results for Package dataseries

Last updated on 2025-07-27 18:51:18 CEST.

Flavor Version Tinstall Tcheck Ttotal Status Flags
r-devel-linux-x86_64-debian-clang 0.2.0 1.69 17.35 19.04 NOTE
r-devel-linux-x86_64-debian-gcc 0.2.0 1.26 14.81 16.07 NOTE
r-devel-linux-x86_64-fedora-clang 0.2.0 29.29 OK
r-devel-linux-x86_64-fedora-gcc 0.2.0 28.18 OK
r-devel-windows-x86_64 0.2.0 2.00 45.00 47.00 OK
r-patched-linux-x86_64 0.2.0 1.73 16.62 18.35 OK
r-release-linux-x86_64 0.2.0 1.52 16.61 18.13 OK
r-release-macos-arm64 0.2.0 14.00 OK
r-release-macos-x86_64 0.2.0 23.00 OK
r-release-windows-x86_64 0.2.0 2.00 38.00 40.00 OK
r-oldrel-macos-arm64 0.2.0 14.00 OK
r-oldrel-macos-x86_64 0.2.0 20.00 OK
r-oldrel-windows-x86_64 0.2.0 2.00 40.00 42.00 OK

Check Details

Version: 0.2.0
Check: CRAN incoming feasibility
Result: NOTE Maintainer: ‘Christoph Sax <christoph.sax@gmail.com>’ No Authors@R field in DESCRIPTION. Please add one, modifying Authors@R: person(given = "Christoph", family = "Sax", role = c("aut", "cre"), email = "christoph.sax@gmail.com") as necessary. The BugReports field in DESCRIPTION has https://github.com/christophsax/dataseries which should likely be https://github.com/christophsax/dataseries/issues instead. Flavors: r-devel-linux-x86_64-debian-clang, r-devel-linux-x86_64-debian-gcc