Last updated on 2024-05-07 18:49:42 CEST.
Flavor | Version | Tinstall | Tcheck | Ttotal | Status | Flags |
---|---|---|---|---|---|---|
r-devel-linux-x86_64-debian-clang | 0.1.4 | 2.22 | 23.93 | 26.15 | NOTE | |
r-devel-linux-x86_64-debian-gcc | 0.1.4 | 1.92 | 18.00 | 19.92 | NOTE | |
r-devel-linux-x86_64-fedora-clang | 0.1.4 | 34.09 | NOTE | |||
r-devel-linux-x86_64-fedora-gcc | 0.1.4 | 36.30 | NOTE | |||
r-devel-windows-x86_64 | 0.1.4 | 3.00 | 40.00 | 43.00 | NOTE | |
r-patched-linux-x86_64 | 0.1.4 | 2.76 | 23.10 | 25.86 | NOTE | |
r-release-linux-x86_64 | 0.1.4 | 2.30 | 22.64 | 24.94 | NOTE | |
r-release-macos-arm64 | 0.1.4 | 13.00 | NOTE | |||
r-release-windows-x86_64 | 0.1.4 | 3.00 | 40.00 | 43.00 | NOTE | |
r-oldrel-macos-arm64 | 0.1.4 | 16.00 | NOTE | |||
r-oldrel-macos-x86_64 | 0.1.4 | 21.00 | NOTE | |||
r-oldrel-windows-x86_64 | 0.1.4 | 2.00 | 39.00 | 41.00 | NOTE |
Version: 0.1.4
Check: package dependencies
Result: NOTE
Package suggested but not available for checking: ‘SASxport’
Flavors: r-devel-linux-x86_64-debian-clang, r-devel-linux-x86_64-debian-gcc, r-devel-linux-x86_64-fedora-clang, r-devel-linux-x86_64-fedora-gcc, r-devel-windows-x86_64, r-patched-linux-x86_64, r-release-linux-x86_64, r-release-macos-arm64, r-release-windows-x86_64, r-oldrel-macos-arm64, r-oldrel-macos-x86_64, r-oldrel-windows-x86_64
Version: 0.1.4
Check: LazyData
Result: NOTE
'LazyData' is specified without a 'data' directory
Flavors: r-devel-linux-x86_64-debian-clang, r-devel-linux-x86_64-debian-gcc, r-devel-linux-x86_64-fedora-clang, r-devel-linux-x86_64-fedora-gcc, r-devel-windows-x86_64, r-patched-linux-x86_64, r-release-linux-x86_64, r-release-macos-arm64, r-release-windows-x86_64, r-oldrel-macos-arm64, r-oldrel-macos-x86_64, r-oldrel-windows-x86_64