Last updated on 2024-03-28 06:01:22 CET.
Flavor | Version | Tinstall | Tcheck | Ttotal | Status | Flags |
---|---|---|---|---|---|---|
r-devel-linux-x86_64-debian-clang | 0.2-8 | 5.83 | 53.37 | 59.20 | NOTE | |
r-devel-linux-x86_64-debian-gcc | 0.2-8 | 4.51 | 42.32 | 46.83 | NOTE | |
r-devel-linux-x86_64-fedora-clang | 0.2-8 | 75.29 | NOTE | |||
r-devel-linux-x86_64-fedora-gcc | 0.2-8 | 87.08 | NOTE | |||
r-devel-windows-x86_64 | 0.2-8 | 6.00 | 61.00 | 67.00 | NOTE | |
r-patched-linux-x86_64 | 0.2-8 | 5.53 | 51.55 | 57.08 | NOTE | |
r-release-linux-x86_64 | 0.2-8 | 5.71 | 52.70 | 58.41 | NOTE | |
r-release-macos-arm64 | 0.2-8 | 32.00 | NOTE | |||
r-release-macos-x86_64 | 0.2-8 | 48.00 | NOTE | |||
r-release-windows-x86_64 | 0.2-8 | 8.00 | 67.00 | 75.00 | NOTE | |
r-oldrel-macos-arm64 | 0.2-8 | 23.00 | NOTE | |||
r-oldrel-windows-x86_64 | 0.2-8 | 8.00 | 70.00 | 78.00 | NOTE |
Version: 0.2-8
Check: LazyData
Result: NOTE
'LazyData' is specified without a 'data' directory
Flavors: r-devel-linux-x86_64-debian-clang, r-devel-linux-x86_64-debian-gcc, r-devel-linux-x86_64-fedora-clang, r-devel-linux-x86_64-fedora-gcc, r-devel-windows-x86_64, r-patched-linux-x86_64, r-release-linux-x86_64, r-release-macos-arm64, r-release-macos-x86_64, r-release-windows-x86_64, r-oldrel-macos-arm64, r-oldrel-windows-x86_64