Last updated on 2025-11-23 05:50:14 CET.
| Flavor | Version | Tinstall | Tcheck | Ttotal | Status | Flags |
|---|---|---|---|---|---|---|
| r-devel-linux-x86_64-debian-clang | 0.4.4 | 3.94 | 342.21 | 346.15 | NOTE | |
| r-devel-linux-x86_64-debian-gcc | 0.4.4 | 2.57 | 201.61 | 204.18 | NOTE | |
| r-devel-linux-x86_64-fedora-clang | 0.4.4 | 545.86 | OK | |||
| r-devel-linux-x86_64-fedora-gcc | 0.4.4 | 23.00 | 564.54 | 587.54 | OK | |
| r-devel-windows-x86_64 | 0.4.4 | 8.00 | 183.00 | 191.00 | OK | --no-vignettes |
| r-patched-linux-x86_64 | 0.4.4 | 3.93 | 327.23 | 331.16 | OK | |
| r-release-linux-x86_64 | 0.4.4 | 3.95 | 324.92 | 328.87 | OK | |
| r-release-macos-arm64 | 0.4.4 | OK | ||||
| r-release-macos-x86_64 | 0.4.4 | 3.00 | 342.00 | 345.00 | OK | |
| r-release-windows-x86_64 | 0.4.4 | 7.00 | 201.00 | 208.00 | OK | --no-vignettes |
| r-oldrel-macos-arm64 | 0.4.4 | OK | ||||
| r-oldrel-macos-x86_64 | 0.4.4 | 3.00 | 248.00 | 251.00 | OK | |
| r-oldrel-windows-x86_64 | 0.4.4 | 7.00 | 263.00 | 270.00 | OK | --no-vignettes |
Version: 0.4.4
Check: CRAN incoming feasibility
Result: NOTE
Maintainer: ‘Philipp H Boersch-Supan <pboesu@gmail.com>’
Package CITATION file contains call(s) to old-style personList() or
as.personList(). Please use c() on person objects instead.
Package CITATION file contains call(s) to old-style citEntry(). Please
use bibentry() instead.
Flavors: r-devel-linux-x86_64-debian-clang, r-devel-linux-x86_64-debian-gcc