Last updated on 2025-05-18 18:49:58 CEST.
Flavor | Version | Tinstall | Tcheck | Ttotal | Status | Flags |
---|---|---|---|---|---|---|
r-devel-linux-x86_64-debian-clang | 1.4.1 | 17.43 | 112.10 | 129.53 | NOTE | |
r-devel-linux-x86_64-debian-gcc | 1.4.1 | 11.36 | 74.52 | 85.88 | NOTE | |
r-devel-linux-x86_64-fedora-clang | 1.4.1 | 203.53 | OK | |||
r-devel-linux-x86_64-fedora-gcc | 1.4.1 | 195.85 | OK | |||
r-devel-windows-x86_64 | 1.4.1 | 22.00 | 149.00 | 171.00 | OK | |
r-patched-linux-x86_64 | 1.4.1 | 17.91 | 104.75 | 122.66 | OK | |
r-release-linux-x86_64 | 1.4.1 | 17.97 | 103.26 | 121.23 | OK | |
r-release-macos-arm64 | 1.4.1 | 48.00 | OK | |||
r-release-macos-x86_64 | 1.4.1 | 104.00 | OK | |||
r-release-windows-x86_64 | 1.4.1 | 19.00 | 156.00 | 175.00 | OK | |
r-oldrel-macos-arm64 | 1.4.1 | 46.00 | OK | |||
r-oldrel-macos-x86_64 | 1.4.1 | 97.00 | OK | |||
r-oldrel-windows-x86_64 | 1.4.1 | 27.00 | 183.00 | 210.00 | OK |
Version: 1.4.1
Check: CRAN incoming feasibility
Result: NOTE
Maintainer: ‘Vicente Bolos <vicente.bolos@uv.es>’
No Authors@R field in DESCRIPTION.
Please add one, modifying
Authors@R: c(person(given = "Vicente",
family = "Coll-Serrano",
role = "aut"),
person(given = "Vicente",
family = "Bolos",
role = c("aut", "cre"),
email = "vicente.bolos@uv.es"),
person(given = c("Rafael", "Benitez"),
family = "Suarez",
role = "aut",
email = "rabesua@uv.es"))
as necessary.
Flavors: r-devel-linux-x86_64-debian-clang, r-devel-linux-x86_64-debian-gcc