Last updated on 2025-07-26 18:50:51 CEST.
Flavor | Version | Tinstall | Tcheck | Ttotal | Status | Flags |
---|---|---|---|---|---|---|
r-devel-linux-x86_64-debian-clang | 0.2.2 | 88.52 | 485.26 | 573.78 | NOTE | |
r-devel-linux-x86_64-debian-gcc | 0.2.2 | 63.79 | 295.09 | 358.88 | NOTE | |
r-devel-linux-x86_64-fedora-clang | 0.2.2 | 781.11 | OK | |||
r-devel-linux-x86_64-fedora-gcc | 0.2.2 | 701.42 | OK | |||
r-devel-windows-x86_64 | 0.2.2 | 104.00 | 274.00 | 378.00 | OK | |
r-patched-linux-x86_64 | 0.2.2 | 93.61 | 394.07 | 487.68 | OK | |
r-release-linux-x86_64 | 0.2.2 | 87.65 | 388.28 | 475.93 | NOTE | |
r-release-macos-arm64 | 0.2.1 | 172.00 | OK | |||
r-release-macos-x86_64 | 0.2.2 | 295.00 | OK | |||
r-release-windows-x86_64 | 0.2.2 | 103.00 | 257.00 | 360.00 | OK | |
r-oldrel-macos-arm64 | 0.2.1 | 169.00 | NOTE | |||
r-oldrel-macos-x86_64 | 0.2.2 | 307.00 | NOTE | |||
r-oldrel-windows-x86_64 | 0.2.2 | 121.00 | 344.00 | 465.00 | OK |
Version: 0.2.2
Check: tests
Result: NOTE
Running ‘testthat.R’ [267s/62s]
Running R code in ‘testthat.R’ had CPU time 4.3 times elapsed time
Flavor: r-devel-linux-x86_64-debian-clang
Version: 0.2.2
Check: tests
Result: NOTE
Running ‘testthat.R’ [159s/49s]
Running R code in ‘testthat.R’ had CPU time 3.3 times elapsed time
Flavor: r-devel-linux-x86_64-debian-gcc
Version: 0.2.2
Check: tests
Result: NOTE
Running ‘testthat.R’ [203s/81s]
Running R code in ‘testthat.R’ had CPU time 2.5 times elapsed time
Flavor: r-release-linux-x86_64
Version: 0.2.1
Check: installed package size
Result: NOTE
installed size is 8.0Mb
sub-directories of 1Mb or more:
libs 6.3Mb
Flavor: r-oldrel-macos-arm64
Version: 0.2.2
Check: installed package size
Result: NOTE
installed size is 8.3Mb
sub-directories of 1Mb or more:
libs 6.4Mb
Flavor: r-oldrel-macos-x86_64