Last updated on 2024-03-28 17:49:25 CET.
Flavor | Version | Tinstall | Tcheck | Ttotal | Status | Flags |
---|---|---|---|---|---|---|
r-devel-linux-x86_64-debian-clang | 1.5-0 | 8.82 | 128.75 | 137.57 | NOTE | |
r-devel-linux-x86_64-debian-gcc | 1.5-0 | 9.18 | 94.71 | 103.89 | NOTE | |
r-devel-linux-x86_64-fedora-clang | 1.5-0 | 188.72 | NOTE | |||
r-devel-linux-x86_64-fedora-gcc | 1.5-0 | 197.93 | NOTE | |||
r-devel-windows-x86_64 | 1.5-0 | 11.00 | 140.00 | 151.00 | NOTE | |
r-patched-linux-x86_64 | 1.5-0 | 15.85 | 129.35 | 145.20 | NOTE | |
r-release-linux-x86_64 | 1.5-0 | 9.87 | 127.41 | 137.28 | NOTE | |
r-release-macos-arm64 | 1.5-0 | 68.00 | NOTE | |||
r-release-macos-x86_64 | 1.5-0 | 110.00 | NOTE | |||
r-release-windows-x86_64 | 1.5-0 | 12.00 | 154.00 | 166.00 | NOTE | |
r-oldrel-macos-arm64 | 1.5-0 | 57.00 | NOTE | |||
r-oldrel-windows-x86_64 | 1.5-0 | 19.00 | 165.00 | 184.00 | NOTE |
Version: 1.5-0
Check: package dependencies
Result: NOTE
Package suggested but not available for checking: ‘Rdonlp2’
Flavors: r-devel-linux-x86_64-debian-clang, r-devel-linux-x86_64-debian-gcc, r-devel-linux-x86_64-fedora-clang, r-devel-linux-x86_64-fedora-gcc, r-devel-windows-x86_64, r-patched-linux-x86_64, r-release-linux-x86_64, r-release-macos-arm64, r-release-macos-x86_64, r-release-windows-x86_64, r-oldrel-macos-arm64, r-oldrel-windows-x86_64
Version: 1.5-0
Check: Rd files
Result: NOTE
checkRd: (-1) responses.Rd:68: Lost braces
68 | response. See code{\link{makeDepmix}} for an example of how to use
| ^
Flavors: r-devel-linux-x86_64-debian-clang, r-devel-linux-x86_64-debian-gcc, r-devel-linux-x86_64-fedora-clang, r-devel-linux-x86_64-fedora-gcc, r-devel-windows-x86_64, r-patched-linux-x86_64